{"id":2,"date":"2007-06-26T16:31:52","date_gmt":"2007-06-26T14:31:52","guid":{"rendered":""},"modified":"2022-12-17T17:39:10","modified_gmt":"2022-12-17T15:39:10","slug":"eine-seite","status":"publish","type":"page","link":"http:\/\/www.dr-stefan-gross.de\/cms\/","title":{"rendered":"Start"},"content":{"rendered":"<p><a href=\"http:\/\/www.dr-stefan-gross.de\/cms\/wp-content\/uploads\/2015\/10\/stefan.jpg\"><img decoding=\"async\" loading=\"lazy\" class=\"\" src=\"http:\/\/www.dr-stefan-gross.de\/cms\/wp-content\/uploads\/2015\/10\/stefan.thumbnail.jpg\" width=\"158\" height=\"210\" \/><\/a><\/p>\n<p><strong>Dr. Dr. Stefan Gro\u00df-<span class=\"st\">Lobkowicz<\/span>, M.A., DEA-Master <\/strong><\/p>\n<p>Herausgeber und Publizist<br \/>\nUniv.-Dozent, Moderator<\/p>\n<p>Gesch\u00e4ftsf\u00fchrender Vizepr\u00e4sident und Pressesprecher der Europ\u00e4ischen Bewegung Bayern e. V.<br \/>\nPressesprecher der EZAB Bayern e. V.<br \/>\nStiftungsrat und Pressesprecher der Papst Benedikt XVI. Stiftung<\/p>\n<p>Tabula Rasa Magazin, Zeitung f\u00fcr Gesellschaft und Kultur<br \/>\nwww.tabularasamagazin.de<\/p>\n<p>Chefredakteur und Textchef von &#8222;The European&#8220; bis 02. 2022<\/p>\n<p>E-Mail: <a href=\"mailto:Dr.StefanGross@web.de\">Dr.StefanGross@web.de <\/a><\/p>\n<p><a href=\"mailto:stefan.gross@tabvlarasa.de\">stefan.gross@tabvlarasa.de<\/a><\/p>\n<p>Telefon mobil: 0151\/42306255<\/p>\n<p>Telefon: 089\/20061802<\/p>\n<p>K\u00f6niginstra\u00dfe 37, 80539 M\u00fcnchen<\/p>\n<p><img decoding=\"async\" loading=\"lazy\" class=\"alignnone size-medium wp-image-349\" src=\"http:\/\/www.dr-stefan-gross.de\/cms\/wp-content\/uploads\/2022\/12\/s-l640-214x300.jpg\" alt=\"\" width=\"214\" height=\"300\" srcset=\"http:\/\/www.dr-stefan-gross.de\/cms\/wp-content\/uploads\/2022\/12\/s-l640-214x300.jpg 214w, http:\/\/www.dr-stefan-gross.de\/cms\/wp-content\/uploads\/2022\/12\/s-l640.jpg 300w\" sizes=\"(max-width: 214px) 100vw, 214px\" \/><img decoding=\"async\" loading=\"lazy\" class=\"alignnone size-medium wp-image-350\" src=\"http:\/\/www.dr-stefan-gross.de\/cms\/wp-content\/uploads\/2022\/12\/media_67530363-214x300.jpeg\" alt=\"\" width=\"214\" height=\"300\" srcset=\"http:\/\/www.dr-stefan-gross.de\/cms\/wp-content\/uploads\/2022\/12\/media_67530363-214x300.jpeg 214w, http:\/\/www.dr-stefan-gross.de\/cms\/wp-content\/uploads\/2022\/12\/media_67530363.jpeg 480w\" sizes=\"(max-width: 214px) 100vw, 214px\" \/><img decoding=\"async\" loading=\"lazy\" class=\"alignnone size-medium wp-image-351\" src=\"http:\/\/www.dr-stefan-gross.de\/cms\/wp-content\/uploads\/2022\/12\/32002843n-211x300.jpg\" alt=\"\" width=\"211\" height=\"300\" srcset=\"http:\/\/www.dr-stefan-gross.de\/cms\/wp-content\/uploads\/2022\/12\/32002843n-211x300.jpg 211w, http:\/\/www.dr-stefan-gross.de\/cms\/wp-content\/uploads\/2022\/12\/32002843n.jpg 242w\" sizes=\"(max-width: 211px) 100vw, 211px\" \/><img decoding=\"async\" loading=\"lazy\" class=\"alignnone size-medium wp-image-353\" src=\"http:\/\/www.dr-stefan-gross.de\/cms\/wp-content\/uploads\/2022\/12\/27783863n-212x300.jpg\" alt=\"\" width=\"212\" height=\"300\" srcset=\"http:\/\/www.dr-stefan-gross.de\/cms\/wp-content\/uploads\/2022\/12\/27783863n-212x300.jpg 212w, http:\/\/www.dr-stefan-gross.de\/cms\/wp-content\/uploads\/2022\/12\/27783863n.jpg 242w\" sizes=\"(max-width: 212px) 100vw, 212px\" \/><img decoding=\"async\" loading=\"lazy\" class=\"alignnone size-medium wp-image-355\" src=\"http:\/\/www.dr-stefan-gross.de\/cms\/wp-content\/uploads\/2022\/12\/product_pages-213x300.jpg\" alt=\"\" width=\"213\" height=\"300\" srcset=\"http:\/\/www.dr-stefan-gross.de\/cms\/wp-content\/uploads\/2022\/12\/product_pages-213x300.jpg 213w, http:\/\/www.dr-stefan-gross.de\/cms\/wp-content\/uploads\/2022\/12\/product_pages-768x1081.jpg 768w, http:\/\/www.dr-stefan-gross.de\/cms\/wp-content\/uploads\/2022\/12\/product_pages-728x1024.jpg 728w, http:\/\/www.dr-stefan-gross.de\/cms\/wp-content\/uploads\/2022\/12\/product_pages.jpg 800w\" sizes=\"(max-width: 213px) 100vw, 213px\" \/><img decoding=\"async\" loading=\"lazy\" class=\"alignnone size-medium wp-image-356\" src=\"http:\/\/www.dr-stefan-gross.de\/cms\/wp-content\/uploads\/2022\/12\/35743902-239x300.jpg\" alt=\"\" width=\"239\" height=\"300\" srcset=\"http:\/\/www.dr-stefan-gross.de\/cms\/wp-content\/uploads\/2022\/12\/35743902-239x300.jpg 239w, http:\/\/www.dr-stefan-gross.de\/cms\/wp-content\/uploads\/2022\/12\/35743902.jpg 334w\" sizes=\"(max-width: 239px) 100vw, 239px\" \/><img decoding=\"async\" loading=\"lazy\" class=\"alignnone size-medium wp-image-358\" src=\"http:\/\/www.dr-stefan-gross.de\/cms\/wp-content\/uploads\/2022\/12\/bach_bod_mit_falz-189x300.jpg\" alt=\"\" width=\"189\" height=\"300\" srcset=\"http:\/\/www.dr-stefan-gross.de\/cms\/wp-content\/uploads\/2022\/12\/bach_bod_mit_falz-189x300.jpg 189w, http:\/\/www.dr-stefan-gross.de\/cms\/wp-content\/uploads\/2022\/12\/bach_bod_mit_falz-768x1221.jpg 768w, http:\/\/www.dr-stefan-gross.de\/cms\/wp-content\/uploads\/2022\/12\/bach_bod_mit_falz-644x1024.jpg 644w, http:\/\/www.dr-stefan-gross.de\/cms\/wp-content\/uploads\/2022\/12\/bach_bod_mit_falz.jpg 1200w\" sizes=\"(max-width: 189px) 100vw, 189px\" \/><img decoding=\"async\" loading=\"lazy\" class=\"alignnone size-medium wp-image-359\" src=\"http:\/\/www.dr-stefan-gross.de\/cms\/wp-content\/uploads\/2022\/12\/s-l500-225x300.jpg\" alt=\"\" width=\"225\" height=\"300\" srcset=\"http:\/\/www.dr-stefan-gross.de\/cms\/wp-content\/uploads\/2022\/12\/s-l500-225x300.jpg 225w, http:\/\/www.dr-stefan-gross.de\/cms\/wp-content\/uploads\/2022\/12\/s-l500.jpg 375w\" sizes=\"(max-width: 225px) 100vw, 225px\" \/><img decoding=\"async\" loading=\"lazy\" class=\"alignnone size-medium wp-image-361\" src=\"http:\/\/www.dr-stefan-gross.de\/cms\/wp-content\/uploads\/2022\/12\/31bU9dIl0L._SX351_BO1204203200_-212x300.jpg\" alt=\"\" width=\"212\" height=\"300\" srcset=\"http:\/\/www.dr-stefan-gross.de\/cms\/wp-content\/uploads\/2022\/12\/31bU9dIl0L._SX351_BO1204203200_-212x300.jpg 212w, http:\/\/www.dr-stefan-gross.de\/cms\/wp-content\/uploads\/2022\/12\/31bU9dIl0L._SX351_BO1204203200_.jpg 353w\" sizes=\"(max-width: 212px) 100vw, 212px\" \/><img decoding=\"async\" loading=\"lazy\" class=\"alignnone size-medium wp-image-364\" src=\"http:\/\/www.dr-stefan-gross.de\/cms\/wp-content\/uploads\/2022\/12\/9783361006300-de-247x300.jpg\" alt=\"\" width=\"247\" height=\"300\" srcset=\"http:\/\/www.dr-stefan-gross.de\/cms\/wp-content\/uploads\/2022\/12\/9783361006300-de-247x300.jpg 247w, http:\/\/www.dr-stefan-gross.de\/cms\/wp-content\/uploads\/2022\/12\/9783361006300-de.jpg 411w\" sizes=\"(max-width: 247px) 100vw, 247px\" \/><img decoding=\"async\" loading=\"lazy\" class=\"alignnone size-medium wp-image-366\" src=\"http:\/\/www.dr-stefan-gross.de\/cms\/wp-content\/uploads\/2022\/12\/gaku2004-1-225x300.jpg\" alt=\"\" width=\"225\" height=\"300\" srcset=\"http:\/\/www.dr-stefan-gross.de\/cms\/wp-content\/uploads\/2022\/12\/gaku2004-1-225x300.jpg 225w, http:\/\/www.dr-stefan-gross.de\/cms\/wp-content\/uploads\/2022\/12\/gaku2004-1.jpg 300w\" sizes=\"(max-width: 225px) 100vw, 225px\" \/><img decoding=\"async\" loading=\"lazy\" class=\"alignnone size-medium wp-image-367\" src=\"http:\/\/www.dr-stefan-gross.de\/cms\/wp-content\/uploads\/2022\/12\/gaku2005-1-225x300.jpg\" alt=\"\" width=\"225\" height=\"300\" srcset=\"http:\/\/www.dr-stefan-gross.de\/cms\/wp-content\/uploads\/2022\/12\/gaku2005-1-225x300.jpg 225w, http:\/\/www.dr-stefan-gross.de\/cms\/wp-content\/uploads\/2022\/12\/gaku2005-1.jpg 300w\" sizes=\"(max-width: 225px) 100vw, 225px\" \/><img decoding=\"async\" loading=\"lazy\" class=\"alignnone size-medium wp-image-368\" src=\"http:\/\/www.dr-stefan-gross.de\/cms\/wp-content\/uploads\/2022\/12\/gaku2005-2-225x300.jpg\" alt=\"\" width=\"225\" height=\"300\" srcset=\"http:\/\/www.dr-stefan-gross.de\/cms\/wp-content\/uploads\/2022\/12\/gaku2005-2-225x300.jpg 225w, http:\/\/www.dr-stefan-gross.de\/cms\/wp-content\/uploads\/2022\/12\/gaku2005-2.jpg 300w\" sizes=\"(max-width: 225px) 100vw, 225px\" \/><img decoding=\"async\" loading=\"lazy\" class=\"alignnone size-medium wp-image-369\" src=\"http:\/\/www.dr-stefan-gross.de\/cms\/wp-content\/uploads\/2022\/12\/gaku2007-1-224x300.jpg\" alt=\"\" width=\"224\" height=\"300\" srcset=\"http:\/\/www.dr-stefan-gross.de\/cms\/wp-content\/uploads\/2022\/12\/gaku2007-1-224x300.jpg 224w, http:\/\/www.dr-stefan-gross.de\/cms\/wp-content\/uploads\/2022\/12\/gaku2007-1.jpg 300w\" sizes=\"(max-width: 224px) 100vw, 224px\" \/><\/p>\n<p><!-- [if gte mso 9]><xml>  <w:WordDocument>   <w:View>Normal<\/w:View>   <w:Zoom>0<\/w:Zoom>   <w:HyphenationZone>21<\/w:HyphenationZone>   <w:Compatibility>    <w:BreakWrappedTables\/>    <w:SnapToGridInCell\/>    <w:WrapTextWithPunct\/>    <w:UseAsianBreakRules\/>   <\/w:Compatibility>   <w:BrowserLevel>MicrosoftInternetExplorer4<\/w:BrowserLevel>  <\/w:WordDocument> <\/xml><![endif]--><!-- [if gte mso 10]>\n\n\n\n<style>  \/* Style Definitions *\/  table.MsoNormalTable \t{mso-style-name:\"Normale Tabelle\"; \tmso-tstyle-rowband-size:0; \tmso-tstyle-colband-size:0; \tmso-style-noshow:yes; \tmso-style-parent:\"\"; \tmso-padding-alt:0cm 5.4pt 0cm 5.4pt; \tmso-para-margin:0cm; \tmso-para-margin-bottom:.0001pt; \tmso-pagination:widow-orphan; \tfont-size:10.0pt; \tfont-family:\"Times New Roman\";} <\/style>\n\n <![endif]--><\/p>\n<p><!-- [if gte mso 9]><xml>  <w:WordDocument>   <w:View>Normal<\/w:View>   <w:Zoom>0<\/w:Zoom>   <w:HyphenationZone>21<\/w:HyphenationZone>   <w:Compatibility>    <w:BreakWrappedTables\/>    <w:SnapToGridInCell\/>    <w:WrapTextWithPunct\/>    <w:UseAsianBreakRules\/>   <\/w:Compatibility>   <w:BrowserLevel>MicrosoftInternetExplorer4<\/w:BrowserLevel>  <\/w:WordDocument> <\/xml><![endif]--><!-- [if gte mso 10]>\n\n\n\n<style>  \/* Style Definitions *\/  table.MsoNormalTable \t{mso-style-name:\"Normale Tabelle\"; \tmso-tstyle-rowband-size:0; \tmso-tstyle-colband-size:0; \tmso-style-noshow:yes; \tmso-style-parent:\"\"; \tmso-padding-alt:0cm 5.4pt 0cm 5.4pt; \tmso-para-margin:0cm; \tmso-para-margin-bottom:.0001pt; \tmso-pagination:widow-orphan; \tfont-size:10.0pt; \tfont-family:\"Times New Roman\";} <\/style>\n\n <![endif]--><!-- [if gte mso 9]><xml>  <o:shapedefaults v:ext=\"edit\" spidmax=\"1026\"\/> <\/xml><![endif]--><!-- [if gte mso 9]><xml>  <o:shapelayout v:ext=\"edit\">   <o:idmap v:ext=\"edit\" data=\"1\"\/>  <\/o:shapelayout><\/xml><![endif]--><\/p>\n","protected":false},"excerpt":{"rendered":"<p>Dr. Dr. Stefan Gro\u00df-Lobkowicz, M.A., DEA-Master Herausgeber und Publizist Univ.-Dozent, Moderator Gesch\u00e4ftsf\u00fchrender Vizepr\u00e4sident und Pressesprecher der Europ\u00e4ischen Bewegung Bayern e. V. Pressesprecher der EZAB Bayern e. V. Stiftungsrat und Pressesprecher der Papst Benedikt XVI. Stiftung Tabula Rasa Magazin, Zeitung f\u00fcr Gesellschaft und Kultur www.tabularasamagazin.de Chefredakteur und Textchef von &#8222;The European&#8220; bis 02. 2022 E-Mail: Dr.StefanGross@web.de [&hellip;]<\/p>\n","protected":false},"author":2,"featured_media":0,"parent":0,"menu_order":0,"comment_status":"open","ping_status":"open","template":"","meta":[],"_links":{"self":[{"href":"http:\/\/www.dr-stefan-gross.de\/cms\/wp-json\/wp\/v2\/pages\/2"}],"collection":[{"href":"http:\/\/www.dr-stefan-gross.de\/cms\/wp-json\/wp\/v2\/pages"}],"about":[{"href":"http:\/\/www.dr-stefan-gross.de\/cms\/wp-json\/wp\/v2\/types\/page"}],"author":[{"embeddable":true,"href":"http:\/\/www.dr-stefan-gross.de\/cms\/wp-json\/wp\/v2\/users\/2"}],"replies":[{"embeddable":true,"href":"http:\/\/www.dr-stefan-gross.de\/cms\/wp-json\/wp\/v2\/comments?post=2"}],"version-history":[{"count":14,"href":"http:\/\/www.dr-stefan-gross.de\/cms\/wp-json\/wp\/v2\/pages\/2\/revisions"}],"predecessor-version":[{"id":371,"href":"http:\/\/www.dr-stefan-gross.de\/cms\/wp-json\/wp\/v2\/pages\/2\/revisions\/371"}],"wp:attachment":[{"href":"http:\/\/www.dr-stefan-gross.de\/cms\/wp-json\/wp\/v2\/media?parent=2"}],"curies":[{"name":"wp","href":"https:\/\/api.w.org\/{rel}","templated":true}]}}